ainder when 5021465 is divided by 15?
5
Calculate the remainder when 560714 is divided by 80079.
161
What is the remainder when 599489799 is divided by 34?
31
What is the remainder when 187023432 is divided by 147031?
0
Calculate the remainder when 1973630 is divided by 1363.
6
Calculate the remainder when 15855878 is divided by 5285215.
233
Calculate the remainder when 26250482 is divided by 75.
32
Calculate the remainder when 7878 is divided by 1121.
31
What is the remainder when 267033172 is divided by 138?
136
What is the remainder when 66053894 is divided by 19980?
14
What is the remainder when 497565 is divided by 78?
3
Calculate the remainder when 327235 is divided by 13085.
110
What is the remainder when 463057 is divided by 1642?
13
What is the remainder when 76226561 is divided by 1834?
19
Calculate the remainder when 24910285 is divided by 129.
127
What is the remainder when 5746498 is divided by 225?
223
What is the remainder when 7609 is divided by 1474?
239
What is the remainder when 13221 is divided by 275?
21
Calculate the remainder when 645468 is divided by 2036.
56
Calculate the remainder when 810005 is divided by 116.
93
Calculate the remainder when 12047573 is divided by 7.
6
What is the remainder when 19735798 is divided by 2775?
2773
Calculate the remainder when 45330 is divided by 304.
34
Calculate the remainder when 54424 is divided by 2.
0
Calculate the remainder when 11203319 is divided by 28.
15
Calculate the remainder when 24420558 is divided by 18.
12
Calculate the remainder when 10368969 is divided by 36.
33
Calculate the remainder when 35121930 is divided by 433604.
6
Calculate the remainder when 1021254 is divided by 46406.
322
Calculate the remainder when 1438148 is divided by 1436725.
1423
What is the remainder when 6453503 is divided by 3226743?
17
Calculate the remainder when 10874990 is divided by 3624994.
8
What is the remainder when 49695 is divided by 73?
55
What is the remainder when 59167 is divided by 867?
211
Calculate the remainder when 2604623 is divided by 377.
307
What is the remainder when 32150470 is divided by 16075234?
2
Calculate the remainder when 6646185 is divided by 67133.
18
Calculate the remainder when 22157541 is divided by 1166176.
197
Calculate the remainder when 9665516 is divided by 1753.
1227
What is the remainder when 1316774 is divided by 2584?
1518
Calculate the remainder when 13294606 is divided by 793.
754
What is the remainder when 188285343 is divided by 31?
23
Calculate the remainder when 2086300 is divided by 2352.
76
Calculate the remainder when 58413 is divided by 346.
285
What is the remainder when 2837759 is divided by 1056?
287
What is the remainder when 14544403 is divided by 29?
4
Calculate the remainder when 945457 is divided by 304.
17
What is the remainder when 16118202 is divided by 8039?
7
What is the remainder when 4587658 is divided by 396?
394
What is the remainder when 94713 is divided by 47035?
643
Calculate the remainder when 31260 is divided by 4685.
3150
Calculate the remainder when 57415 is divided by 445.
10
What is the remainder when 2947632 is divided by 215?
197
What is the remainder when 333776404 is divided by 1036?
1032
What is the remainder when 1361626 is divided by 654?
652
What is the remainder when 2071493077 is divided by 49?
45
Calculate the remainder when 2565270 is divided by 197325.
45
Calculate the remainder when 20699 is divided by 1201.
282
Calculate the remainder when 163784 is divided by 2821.
166
Calculate the remainder when 6943928 is divided by 991987.
19
What is the remainder when 156227 is divided by 11133?
365
What is the remainder when 4945 is divided by 3566?
1379
Calculate the remainder when 2735540 is divided by 1436.
1396
Calculate the remainder when 19786 is divided by 6227.
1105
What is the remainder when 26629915 is divided by 360?
355
Calculate the remainder when 12254472 is divided by 7.
6
Calculate the remainder when 436163 is divided by 145354.
101
What is the remainder when 638914 is divided by 9536?
2
What is the remainder when 697710 is divided by 116259?
156
What is the remainder when 41230967 is divided by 13743654?
5
What is the remainder when 187545 is divided by 20703?
1218
Calculate the remainder when 8321947 is divided by 12347.
69
Calculate the remainder when 974898 is divided by 487447.
4
What is the remainder when 71466 is divided by 4463?
58
Calculate the remainder when 756661 is divided by 81.
40
What is the remainder when 5866605 is divided by 838085?
10
What is the remainder when 194421088 is divided by 281?
279
What is the remainder when 77156362 is divided by 344448?
10
What is the remainder when 12765 is divided by 12707?
58
Calculate the remainder when 143698 is divided by 692.
454
Calculate the remainder when 479653 is divided by 11613.
3520
Calculate the remainder when 14416238 is divided by 2614.
28
What is the remainder when 26512984 is divided by 7?
1
What is the remainder when 4931811 is divided by 51?
9
Calculate the remainder when 8684099 is divided by 4.
3
Calculate the remainder when 3242061 is divided by 590.
11
What is the remainder when 714026 is divided by 122?
82
Calculate the remainder when 3555351 is divided by 3247.
3133
What is the remainder when 502777 is divided by 83795?
7
Calculate the remainder when 28872 is divided by 594.
360
What is the remainder when 49961 is divided by 10946?
6177
What is the remainder when 668548401 is divided by 49?
45
What is the remainder when 257012 is divided by 803?
52
What is the remainder when 614551 is divided by 2104?
183
What is the remainder when 10704 is divided by 8508?
2196
What is the remainder when 318175 is divided by 17307?
6649
What is the remainder when 6368928 is divided by 115?
113
Calculate the remainder when 28009351 is divided by 276.
43
What is the remainder when 9464 is divided by 1016?
320
Calculate the remainder when 154692 is divided by 51564.
0
What is the remainder when 1055480 is divided by 33?
8
What is the remainder when 84055235 is divided by 3483?
3479
What is the remainder when 9912591 is divided by 1982424?
471
Calculate the remainder when 94090447 is divided by 1437.
1435
What is the remainder when 171383 is divided by 2288?
2071
What is the remainder when 342505 is divided by 9006?
277
Calculate the remainder when 244201609 is divided by 11628648.
1
Calculate the remainder when 35521876 is divided by 345.
331
What is the remainder when 5141032 is divided by 1145?
1127
What is the remainder when 823771 is divided by 32?
27
Calculate the remainder when 13638523 is divided by 3409609.
87
What is the remainder when 14000078 is divided by 1248?
14
Calculate the remainder when 125828 is divided by 93.
92
What is the remainder when 108825 is divided by 6753?
777
What is the remainder when 5617 is divided by 225?
217
Calculate the remainder when 26467297 is divided by 26467232.
65
Calculate the remainder when 5142333 is divided by 3194.
3187
What is the remainder when 1278918 is divided by 10838?
34
Calculate the remainder when 805490 is divided by 311.
0
What is the remainder when 105394 is divided by 7493?
492
Calculate the remainder when 856284 is divided by 77837.
77
What is the remainder when 145899 is divided by 24287?
177
Calculate the remainder when 1584691 is divided by 155.
126
Calculate the remainder when 257859 is divided by 2785.
1639
Calculate the remainder when 25373 is divided by 24226.
1147
Calculate the remainder when 14912250 is divided by 828.
798
Calculate the remainder when 105095 is divided by 108.
11
What is the remainder when 179066768 is divided by 118?
116
What is the remainder when 46505 is divided by 1268?
857
Calculate the remainder when 942123 is divided by 77.
28
What is the remainder when 3003704 is divided by 1110?
44
Calculate the remainder when 1729258 is divided by 1636.
6
Calculate the remainder when 4714975 is divided by 3745.
20
What is the remainder when 1682405 is divided by 240265?
550
Calculate the remainder when 3837308 is divided by 673.
535
What is the remainder when 5851782 is divided by 8?
6
Calculate the remainder when 4976767 is divided by 545.
372
Calculate the remainder when 565059 is divided by 80709.
96
What is the remainder when 829191 is divided by 5